 u(m) = 3*m**2 + 3*m + 3. Let g(a) = 81*a + 7*a**2 - 39*a + 7 - 35*a. Let n(d) = 2*g(d) - 5*u(d). Give n(-3).
-7
Let t(d) = -22*d**2 - 10*d + 9. Let o(s) = 2*s**2 + 2*s - 2. Let c(m) = -5*o(m) - t(m). What is c(2)?
49
Let i(o) = -o**2 - 15*o + 2. Let n(v) = -v**2 - 10*v + 24. Let s be n(-13). Let x be i(s). Let k(r) = 5*r - 1. What is k(x)?
9
Let k(h) = -15280 + 2*h - 15280 + h**2 + 30556. Give k(2).
4
Let g(q) = -q**2 + q + 1. Let u(k) = -89*k - 714. Let c be u(-8). What is g(c)?
-5
Let m be 0 + 3*2/(-12)*0. Suppose m = 11*k - 5 - 6. Let l(x) = -29*x**2 + 1. Give l(k).
-28
Let q(a) = -22*a**2 - a - 560. Let n(f) = 23*f**2 + f + 419. Let j(t) = -4*n(t) - 3*q(t). Determine j(2).
-102
Let l(u) be the third derivative of u**5/60 + 7*u**4/12 + u**3/2 + 2*u**2 + 264*u - 4. Let c be -3 - 0 - 3*1. Determine l(c).
-45
Let y be (2 - 18/5)/(342/855). Let q(j) = 4*j + 24. What is q(y)?
8
Let l(i) = -24*i + 78. Suppose 663 + 576 - 331 = 227*j. Give l(j).
-18
Let b(o) = -o**3 - 13*o**2 + 30*o - 1. Suppose -17*d = 103 + 152. Calculate b(d).
-1
Let a(g) = g**3 + 2*g + 4. Let s be a(0). Suppose -2*v - 16 = -4*y, s*y + 11 = -5*v - 1. Let w(m) = 0*m - 8 + y*m + 14. What is w(-4)?
-2
Let v be 36/2 - (91/(-26))/(22/(-44)). Let w(y) = -y**2 - 3*y + 157. Calculate w(v).
3
Let s(o) be the first derivative of -o - 1/2*o**4 - 4 - 3/2*o**2 - o**3. Let y = -174 - -172. What is s(y)?
9
Let p = 133 + -48. Let f = p - 80. Suppose 3*z + z - 2*c + 16 = 0, 4*z + f*c = -30. Let g(h) = h**3 + 7*h**2 + 7*h - 1. Determine g(z).
14
Suppose -3*l = 3*w + 42, -81*l + 84*l = -4*w - 60. Let x(u) = -u**3 - 18*u**2 + u - 9. Calculate x(w).
-27
Let i(l) = 99*l. Let y(o) = -492*o + 93. Let h(p) = -15*i(p) - 3*y(p). Calculate h(-30).
-9
Let i(y) be the second derivative of -y**5/20 - 7*y**4/12 + 11*y**3/6 + 6*y**2 + 932*y. Give i(-8).
-12
Let n(f) = f**2 - 4*f - 38. Let h be (12 - 13)*((-2)/1 - 2 - 4). What is n(h)?
-6
Let h(r) = -2*r**2 + 4*r + 6. Let d be h(5). Let i be (-6)/24 - 6/d. Let c(l) = l**2 + 2*l - 3. Give c(i).
-3
Let c(b) = 2*b**3 + 16*b**2 - 47*b + 27. Let t(i) = -i**3 - 8*i**2 + 20*i - 14. Let r(a) = 2*c(a) + 5*t(a). What is r(-9)?
11
Let d(g) = g**3 + 2*g - 9. Let n be d(3). Let v(u) = -n*u**2 - 5*u + 13*u**2 - 2 + 6*u**2 + u**3. Calculate v(6).
4
Let j(q) = q**2 - 4*q + 7. Let r be j(5). Suppose r*v - 11*v = -8. Let o(z) = z**3 - 2 - 23*z + 21*z + 11*z + 9*z**2. What is o(v)?
-10
Let z(n) = n**3 + 5*n**2 - 103*n - 510. Let p be z(-5). Let d(q) = -q**3 + 3*q**2 - q - 4. What is d(p)?
-59
Let m = -301 + 135. Let p = m - -172. Let q(b) be the second derivative of -b**5/20 + 5*b**4/12 + 7*b**3/6 - 4*b**2 + 2*b. Determine q(p).
-2
Let i(n) = -11*n + 14. Suppose 5*z + 4*h + 28 = 0, 416*h - 414*h - 4 = 2*z. What is i(z)?
58
Let t(v) = 20*v + 408. Let c be t(-20). Let g(a) = a**3 - 7*a**2 - 9*a + 4. What is g(c)?
-4
Let u = 58 + -25. Suppose 14*y - u*y = -133. Let l(g) be the third derivative of g**6/120 - g**5/10 - 3*g**4/8 + 4*g**3/3 + 2*g**2. Determine l(y).
-6
Let d(k) = 3*k - 3. Let m(r) = r**3 + 23*r**2 + 32*r - 3. Let b be m(-21). Suppose -14*w = -109 + b. Calculate d(w).
-24
Let w(i) = -12*i - 83. Suppose -p - 27 = -15*z - 2*z, 3*p + 25 = -5*z. What is w(p)?
37
Suppose 0 = 13*k - 273 - 156. Let z(y) = 35*y - 69*y + 13 - 6 + k*y. Give z(13).
-6
Let c(b) be the third derivative of b**5/60 + b**4/6 - 5*b**3/2 - 95*b**2 - b. Calculate c(-6).
-3
Let v = -235979 + 235981. Let r(g) = 2 - 2*g + 3*g - 5*g**3 + 4*g**3. Give r(v).
-4
Let g(f) = -f**2 + 40*f - 88. Let y be g(37). Let h(b) = b + 7 + y - 51 + 13. Let n be 8/(-10)*(-75)/10. Give h(n).
-2
Suppose -176 = -12049*s + 12006*s - 4. Let p(x) be the third derivative of x**6/120 - x**4/12 - x**3/2 + x**2. Give p(s).
53
Let l(t) be the first derivative of -t**3/3 - t**2/2 - 5*t + 249. Suppose a - 2 = 2*p, -2*p - 3*a + 9 = 3. Give l(p).
-5
Let f(o) = -9*o**3 + 62*o**2 - 592*o + 72. Let t(k) = k**3 - 7*k**2 + 63*k - 8. Let b(d) = 2*f(d) + 19*t(d). Calculate b(7).
-15
Let g(s) be the second derivative of -s**5/20 + 5*s**4/6 - s**3/3 - 3*s**2 + 2548*s. Determine g(10).
-26
Let l = 12 - -8. Suppose -l*b + 3 = -17*b. Let p(c) = c + 1 + 12 + 0 + b. What is p(-7)?
7
Let q(c) be the third derivative of c**4/12 - c**3/6 + c**2. Suppose -i - 107 = -n - 0, 2*i = -4*n + 446. Let m = n - 107. What is q(m)?
5
Let z(v) = 14*v - 87. Let c(h) = 129*h - 3345. Let o be c(26). Determine z(o).
39
Suppose -m - m = -5*z + 7, 2*z + 61 = -5*m. Let a be (-14 - m)/(9/(-6)). Let u(s) = -2*s**2 + 1. Give u(a).
-7
Let k(z) = z**2 + z + 1. Let t be 4/18 - (-60)/(-27). Let c be k(t). Suppose -5*i + 3*w = -2*w - 5, -24 = -c*i - 4*w. Let a(q) = q**2 - 5*q + 4. Determine a(i).
0
Suppose 5*m + a - 5 = 2, 4*a - 12 = -4*m. Let p(w) be the second derivative of 1/2*w**2 + 5*w - 3 + 17/6*w**3. Give p(m).
18
Let z(i) be the third derivative of 0 + 24*i**2 + 5/3*i**3 + 0*i - 1/24*i**4. Give z(8).
2
Let t(m) = -4*m - 2. Suppose 0 = -0*v - 2*v + 3*o + 242, -5*o - 10 = 0. Suppose 4*g = -5*j - v, -1 - 1 = -j. Let x = g - -34. What is t(x)?
-10
Let w(r) = -12*r**2 - 6*r + 147. Let p(u) = -31*u**2 - 16*u + 366. Let h(y) = -5*p(y) + 13*w(y). What is h(12)?
-39
Let u(j) = -j**2 - 3*j - 15. Suppose -2*x = -2*w + 132 - 136, -w + 14 = -5*x. Give u(x).
-19
Let o(x) = 5*x**2 + 25*x - 14. Let r(b) = 3*b**2 + 13*b - 7. Let y(h) = 4*o(h) - 7*r(h). Let w be y(7). Let a(q) = q**3 - 7*q**2 + q - 7. Determine a(w).
0
Let c(y) = -y**3 - 4*y**2 + 16*y + 14. Let i(v) = -v**3 + 33*v**2 - 56*v - 192. Let d be i(31). Determine c(d).
-10
Let r(i) = -11*i**3 + 3*i**2 - i + 4. Suppose u = 57 - 17. Let d(y) = -43 - 5*y**2 + 76 - u + 22*y**3 + y. Let h(s) = -3*d(s) - 5*r(s). Give h(-1).
10
Suppose -27*u - 534 = 87. Let b(w) = w**2 + 23*w - 5. Give b(u).
-5
Let m(p) = -p**3 + p**2 + 7*p + 12. Let i be m(-7). Let c = 363 - i. Let v(x) = -x**2 + 7*x + 8. What is v(c)?
0
Suppose -22 = -4*i + g, 5*i - 60*g - 29 = -58*g. Let t(z) = 5*z**2 - 12*z + 5. What is t(i)?
70
Let t = 26145 - 26152. Let c(q) be the first derivative of -2*q**3/3 - 5*q**2 - q + 3. Calculate c(t).
-29
Let p be (-106)/12 + (-170)/(-204). Let u(l) = -5*l - 33. Determine u(p).
7
Suppose 150 = -57*i + 201*i + 438. Let z(k) = 7*k**2 - 4. What is z(i)?
24
Let s(m) = -m**3 - m**2 + 6*m - 4. Let a(w) = -w**3 + w**2 + 29*w - 10. Let h be a(-5). Calculate s(h).
66
Let b(l) = -l**2 - 15*l - 1. Let v(y) = -17*y - 33*y - 2 - y**2 + 1 + 36*y. Let g(o) = 3*b(o) - 2*v(o). Determine g(-17).
-1
Let a(c) be the second derivative of 1/12*c**4 - 13/2*c**2 - 1/6*c**3 + 0 + 56*c. Give a(0).
-13
Let n be (3*-1)/(17/(-7) - -2). Let p(w) be the first derivative of -w**3/3 + w**2/2 + 7*w - 12. What is p(n)?
-35
Let q(t) = t**2 - 10*t + 5. Let i(f) = f**3 + 8*f**2 + 3*f + 34. Suppose 0 = 5*a + 18 + 22. Let l be i(a). What is q(l)?
5
Let v(t) = t**2 + 1. Suppose 3*m + 5*u - 10 = 0, u - 6 + 4 = -4*m. Suppose m = -10*b + 2 + 28. Give v(b).
10
Let k(x) = x**2 - 8*x + 8. Let c be k(7). Let u(y) = y**3 - 316*y**2 - 2*y. Let n(i) = 2*i**3 - 442*i**2 - 3*i. Let j(d) = 5*n(d) - 7*u(d). Calculate j(c).
4
Let y be (3 - -1)/1 - -4. Let l be ((-20)/15)/((y/18)/(-2)). Let f(d) = d**3 - 7*d**2 + 4*d + 1. Determine f(l).
-11
Let g(n) = -2*n**2 + 5. Let l = 14922 + -14925. Give g(l).
-13
Let t(f) be the first derivative of f**3/3 + 5*f**2 - 21*f - 2150. Determine t(-9).
-30
Suppose 0 = -2*t - 5*m + 206, -3*t - m = -4*m - 309. Suppose 2*o = 31 + t. Let w = -63 + o. Let j(y) = y**2 - 6*y + 6. What is j(w)?
-2
Let l(v) = 40*v**2 + 9*v - 9. Suppose 10*z = 15 - 29 + 24. Determine l(z).
40
Suppose 208 = -56*l + 30*l. Let i(j) = 2*j + 12 - 8*j - j**2 - 8. Determine i(l).
-12
Suppose -6*z = -87 + 57. Let a(t) = 535*t - 541*t + 2 - t**2 - z. Determine a(-5).
2
Let s be 2/(-12) - (-1 + 40/48). Suppose -2*k - g + 3 - 33 = s, k + 22 = -4*g. Let n(v) = -v**2 - 13*v + 16. Calculate n(k).
2
Suppose 30*j = -l + 29*j + 6, -14 = -2*l - 3*j. Let h(t) be the first derivative of 3*t**2/2 - 13*t + 64. Give h(l).
-1
Let p(f) = 5*f**2 - 10*f + 7. Let z(c) = 20*c**2 + 131*c - 61. Let q be z(-7). Give p(q).
7
Let h(l) be the first derivative of -3*l - 1/4*l**4 + 1/3*l**3 + 1/2*l**2 - 41. What is h(0)?
-3
Let u(n) = n**3 - 4*n**2 - 4*n - 11. Let f = 19042 + -19035. What is u(f)?
108
Let h(g) = -88*g**3 - 